s of 1201984.
2, 7, 2683
What are the prime factors of 115933545?
3, 5, 7, 13, 9437
List the prime factors of 55995379.
11, 5090489
What are the prime factors of 3251628584?
2, 83, 4897031
List the prime factors of 1112113980.
2, 3, 5, 139, 44449
What are the prime factors of 70327507?
877, 80191
List the prime factors of 4798833203.
29, 165477007
List the prime factors of 62708966.
2, 1051, 29833
List the prime factors of 162043850.
2, 5, 3240877
What are the prime factors of 592418979?
3, 65824331
List the prime factors of 200070291.
3, 66690097
What are the prime factors of 2401928830?
2, 5, 7, 41, 43, 19463
What are the prime factors of 1236941506?
2, 618470753
List the prime factors of 36445761.
3, 11, 41, 73
What are the prime factors of 419654606?
2, 7, 467, 64187
What are the prime factors of 727053467?
7, 17, 2143, 2851
List the prime factors of 206022188.
2, 51505547
List the prime factors of 670996638.
2, 3, 13, 2867507
What are the prime factors of 44374356?
2, 3, 13, 53, 1789
What are the prime factors of 1110389720?
2, 5, 11, 149, 16937
What are the prime factors of 330565344?
2, 3, 19, 61, 2971
List the prime factors of 2578403675.
5, 4987, 20681
What are the prime factors of 3362014612?
2, 11, 127, 373, 1613
List the prime factors of 563053844.
2, 1031, 136531
List the prime factors of 14108078.
2, 7054039
List the prime factors of 14581295.
5, 1283, 2273
What are the prime factors of 23704662?
2, 3, 3950777
List the prime factors of 90598902.
2, 3, 15099817
List the prime factors of 89207196.
2, 3, 13, 571841
What are the prime factors of 4778762616?
2, 3, 22123901
List the prime factors of 517633126.
2, 258816563
What are the prime factors of 973970609?
19, 51261611
What are the prime factors of 134146525?
5, 1013, 5297
What are the prime factors of 197232946?
2, 17, 5800969
What are the prime factors of 40314082?
2, 211, 95531
What are the prime factors of 5233126710?
2, 3, 5, 7, 71, 350981
What are the prime factors of 54229912?
2, 11, 31, 103, 193
List the prime factors of 389186016.
2, 3, 449, 9029
List the prime factors of 250482123.
3, 27831347
What are the prime factors of 2570252319?
3, 9221, 30971
List the prime factors of 104528731.
29, 124291
What are the prime factors of 589134774?
2, 3, 98189129
List the prime factors of 30000624.
2, 3, 71, 8803
What are the prime factors of 11879319?
3, 677, 5849
What are the prime factors of 12824734?
2, 13, 19, 1997
What are the prime factors of 80423932?
2, 43, 137, 3413
List the prime factors of 531463050.
2, 3, 5, 307, 3847
What are the prime factors of 855225306?
2, 3, 13, 3654809
List the prime factors of 7658591.
7658591
What are the prime factors of 32792508?
2, 3, 7, 37, 3517
What are the prime factors of 1517977857?
3, 11, 45999329
List the prime factors of 70554007.
70554007
What are the prime factors of 1639797041?
1639797041
What are the prime factors of 45861500?
2, 5, 37, 67
List the prime factors of 3101306655.
3, 5, 206753777
List the prime factors of 496221651.
3, 19, 241, 12041
What are the prime factors of 123734354?
2, 61867177
What are the prime factors of 17591060?
2, 5, 879553
What are the prime factors of 607305557?
3613, 168089
List the prime factors of 101136167.
11, 31, 296587
What are the prime factors of 1620683237?
53, 30578929
What are the prime factors of 880667808?
2, 3, 181, 50683
List the prime factors of 19293801.
3, 1579, 4073
What are the prime factors of 406147947?
3, 135382649
What are the prime factors of 3023572844?
2, 8219, 91969
What are the prime factors of 4901693394?
2, 3, 13, 62842223
List the prime factors of 85727581.
6247, 13723
What are the prime factors of 3863761114?
2, 293, 6593449
What are the prime factors of 193802105?
5, 7, 791029
List the prime factors of 23926582.
2, 17, 89, 7907
List the prime factors of 400112024.
2, 13, 883, 4357
List the prime factors of 2372710782.
2, 3, 13, 263, 115663
List the prime factors of 68106720.
2, 3, 5, 11, 12899
List the prime factors of 6137488349.
1559, 3936811
What are the prime factors of 183710906?
2, 91855453
List the prime factors of 38420287.
281, 136727
What are the prime factors of 68111774?
2, 31, 73, 101, 149
List the prime factors of 612508064.
2, 7, 37, 263, 281
List the prime factors of 134421481.
37, 3633013
List the prime factors of 112795894.
2, 19, 156227
List the prime factors of 227673162.
2, 3, 19, 97, 6863
What are the prime factors of 3056427850?
2, 5, 7, 53, 164767
List the prime factors of 255607903.
17, 919, 16361
What are the prime factors of 37493315?
5, 7498663
List the prime factors of 71612320.
2, 5, 13, 34429
What are the prime factors of 32094482?
2, 7, 2292463
What are the prime factors of 45428026?
2, 7, 3244859
List the prime factors of 2630828395.
5, 13, 389, 104047
List the prime factors of 143582707.
6869, 20903
List the prime factors of 245963822.
2, 13, 9460147
List the prime factors of 556161323.
2251, 247073
List the prime factors of 77129056.
2, 19, 126857
List the prime factors of 162296754.
2, 3, 541, 49999
List the prime factors of 25717516.
2, 11, 37, 15797
What are the prime factors of 25308174?
2, 3, 1049, 4021
What are the prime factors of 2385784182?
2, 3, 17, 827, 28283
List the prime factors of 834014836.
2, 443, 470663
What are the prime factors of 23548703?
179, 293, 449
What are the prime factors of 187358361?
3, 62452787
What are the prime factors of 2079869?
11, 17189
List the prime factors of 44338267.
19, 2333593
List the prime factors of 228476084.
2, 59, 257, 3767
What are the prime factors of 162915231?
3, 233, 233069
List the prime factors of 148017403.
137, 1080419
List the prime factors of 1340350277.
7, 23, 47, 177131
What are the prime factors of 30045700?
2, 5, 53, 5669
List the prime factors of 498413955.
3, 5, 13, 196613
What are the prime factors of 39081956?
2, 9770489
List the prime factors of 60210854.
2, 11, 47, 58231
List the prime factors of 1449354118.
2, 73, 9927083
What are the prime factors of 206051664?
2, 3, 7, 13, 23, 293
List the prime factors of 188799968.
2, 7, 842857
List the prime factors of 4827791.
41, 117751
What are the prime factors of 135972914?
2, 7, 11, 463, 1907
List the prime factors of 8311620.
2, 3, 5, 83, 1669
List the prime factors of 102079791.
3, 11, 41, 83, 101
What are the prime factors of 666392306?
2, 31, 89, 120767
List the prime factors of 123172350.
2, 3, 5, 7, 117307
What are the prime factors of 177649437?
3, 7, 31, 272887
What are the prime factors of 3867780286?
2, 29, 31, 2151157
What are the prime factors of 6054983446?
2, 541, 5596103
What are the prime factors of 1706622287?
23, 107, 6481
List the prime factors of 194911841.
181, 1076861
What are the prime factors of 117554897?
1019, 115363
List the prime factors of 73793071.
11, 41, 163621
List the prime factors of 5872882359.
3, 1957627453
What are the prime factors of 2408423924?
2, 22739, 26479
What are the prime factors of 8423485?
5, 7, 29, 43, 193
What are the prime factors of 44691633?
3, 7, 311, 2281
List the prime factors of 1124252541.
3, 29, 31, 15439
What are the prime factors of 98264931?
3, 443, 73939
List the prime factors of 372944028.
2, 3, 17, 151, 12107
List the prime factors of 350921496.
2, 3, 601, 24329
List the prime factors of 19653262.
2, 383, 25657
What are the prime factors of 288281199?
3, 29, 3313577
What are the prime factors of 514728180?
2, 3, 5, 137, 20873
What are the prime factors of 261284899?
23, 43, 61, 71
List the prime factors of 1639880989.
151, 2713, 4003
List the prime factors of 506090339.
29, 2551, 6841
List the prime factors of 184625736.
2, 3, 19, 67, 6043
What are the prime factors of 8793164?
2, 2198291
List the prime factors of 665811329.
665811329
What are the prime factors of 92247072?
2, 3, 31, 139, 223
List the prime factors of 2862565866.
2, 3, 53010479
List the prime factors of 58312046.
2, 13, 181, 12391
List the prime factors of 160135117.
160135117
What are the prime factors of 155427497?
155427497
What are the prime factors of 35447396?
2, 29, 305581
What are the prime factors of 323098403?
323098403
List the prime factors of 201143477.
109, 1845353
What are the prime factors of 420718210?
2, 5, 11, 17, 113, 181
What are the prime factors of 558669